{"id":457,"date":"2025-11-11T21:52:21","date_gmt":"2025-11-11T21:52:21","guid":{"rendered":"https:\/\/islamheirat-online.de\/?page_id=457"},"modified":"2025-11-11T21:52:40","modified_gmt":"2025-11-11T21:52:40","slug":"impressum","status":"publish","type":"page","link":"https:\/\/islamheirat-online.de\/?page_id=457","title":{"rendered":"Impressum"},"content":{"rendered":"\n<h2 class=\"wp-block-heading\"><\/h2>\n\n\n\n<p><strong>Verantwortlich gem\u00e4\u00df \u00a7 5 TMG:<\/strong><br>Islamheirat-Online Berlin<br>(Ehrenamtliches Projekt)<br>Berlin, Deutschland<\/p>\n\n\n\n<p><strong>Kontakt:<\/strong><br>E-Mail: &lt;info@islamheirat-online.de><br><\/p>\n\n\n\n<p><strong>Art der T\u00e4tigkeit:<\/strong><br>Wir handeln ausschlie\u00dflich <strong>ehrenamtlich<\/strong> und fungieren als <strong>Vermittler<\/strong> zwischen Hilfesuchenden und unabh\u00e4ngigen islamischen Gelehrten.<br>F\u00fcr unsere T\u00e4tigkeit erheben wir <strong>keine Geb\u00fchren<\/strong>.<br>Die Gelehrten arbeiten eigenst\u00e4ndig und k\u00f6nnen f\u00fcr ihre Dienste <strong> Spenden<\/strong> annehmen.<\/p>\n\n\n\n<p><strong>Datenschutz:<\/strong><br>Wir speichern <strong>keine personenbezogenen Daten manuell<\/strong>.<br>Anfragen werden ausschlie\u00dflich zum Zweck der Kontaktvermittlung verarbeitet und nicht dauerhaft gespeichert oder weitergegeben.<\/p>\n\n\n\n<p><strong>Haftungshinweis:<\/strong><br>Trotz sorgf\u00e4ltiger inhaltlicher Kontrolle \u00fcbernehmen wir keine Haftung f\u00fcr Inhalte externer Links.<br>F\u00fcr den Inhalt der verlinkten Seiten sind ausschlie\u00dflich deren Betreiber verantwortlich.<\/p>\n","protected":false},"excerpt":{"rendered":"<p>Verantwortlich gem\u00e4\u00df \u00a7 5 TMG:Islamheirat-Online Berlin(Ehrenamtliches Projekt)Berlin, Deutschland Kontakt:E-Mail: &lt;info@islamheirat-online.de> Art der T\u00e4tigkeit:Wir handeln ausschlie\u00dflich ehrenamtlich und fungieren als Vermittler zwischen Hilfesuchenden und unabh\u00e4ngigen islamischen Gelehrten.F\u00fcr unsere T\u00e4tigkeit erheben wir keine Geb\u00fchren.Die Gelehrten arbeiten eigenst\u00e4ndig und k\u00f6nnen f\u00fcr ihre Dienste Spenden annehmen. Datenschutz:Wir speichern keine personenbezogenen Daten manuell.Anfragen werden ausschlie\u00dflich zum Zweck der Kontaktvermittlung verarbeitet&hellip;<\/p>\n","protected":false},"author":1,"featured_media":0,"parent":0,"menu_order":0,"comment_status":"closed","ping_status":"closed","template":"","meta":{"footnotes":""},"class_list":["post-457","page","type-page","status-publish","hentry"],"_links":{"self":[{"href":"https:\/\/islamheirat-online.de\/index.php?rest_route=\/wp\/v2\/pages\/457","targetHints":{"allow":["GET"]}}],"collection":[{"href":"https:\/\/islamheirat-online.de\/index.php?rest_route=\/wp\/v2\/pages"}],"about":[{"href":"https:\/\/islamheirat-online.de\/index.php?rest_route=\/wp\/v2\/types\/page"}],"author":[{"embeddable":true,"href":"https:\/\/islamheirat-online.de\/index.php?rest_route=\/wp\/v2\/users\/1"}],"replies":[{"embeddable":true,"href":"https:\/\/islamheirat-online.de\/index.php?rest_route=%2Fwp%2Fv2%2Fcomments&post=457"}],"version-history":[{"count":2,"href":"https:\/\/islamheirat-online.de\/index.php?rest_route=\/wp\/v2\/pages\/457\/revisions"}],"predecessor-version":[{"id":459,"href":"https:\/\/islamheirat-online.de\/index.php?rest_route=\/wp\/v2\/pages\/457\/revisions\/459"}],"wp:attachment":[{"href":"https:\/\/islamheirat-online.de\/index.php?rest_route=%2Fwp%2Fv2%2Fmedia&parent=457"}],"curies":[{"name":"wp","href":"https:\/\/api.w.org\/{rel}","templated":true}]}}